uppose 0 = -p*f - 16*f + 27146. What is the hundreds digit of f?
5
Let u be (-3)/4 + (-55)/(-20). What is the tens digit of (-2 - -13)*(10 - (5 + u))?
3
Suppose 204 = -2*s - 4*g, s + 36 = 2*g - 58. Let c = s + 120. What is the units digit of c?
2
Let t(h) = -h**2 + 12*h - 8. Let u be t(11). Suppose -l + 3*s + 103 = 2*s, -329 = -u*l - s. Suppose -5*y + l = -3*y. What is the tens digit of y?
5
Suppose -9*w = -571 - 131. Suppose w = -3*f + 9*f. Suppose -151 + f = -2*o. What is the units digit of o?
9
Let r be 36/90 + 1628/5. Let o = 598 - r. What is the units digit of o?
2
Let c = 10777 + -2751. Suppose -3*a - c = -2617. What is the tens digit of (-4)/(-5) - (-4)/((-60)/a)?
2
Let t = 436 + 2192. Suppose 3*w + w = 5*b - 3285, -3*w - t = -4*b. What is the units digit of b?
7
Suppose -10*i - 10*i + 4020 = 0. Suppose -3*h - d = i - 1358, -3*d = -h + 379. What is the tens digit of h?
8
Let s be 7/((-21)/(-6))*1 + 3. Suppose -s*x + 2136 = 596. What is the hundreds digit of x?
3
Let n(k) = 9303*k - 375. What is the hundreds digit of n(1)?
9
Suppose 0 = 83*p - 81*p + l - 98269, p - 49157 = -5*l. What is the ten thousands digit of p?
4
Suppose 27*j - 208*j + 789341 = 0. What is the tens digit of j?
6
Let s be -1 - (40/25)/(4/(-10)). Suppose 0 = -t + 5 - 1. Suppose 268 = s*b - t*p, -6*b + 2*b + 4*p + 352 = 0. What is the units digit of b?
4
Let x(b) = b**3 - 30*b**2 + 22*b + 87. Let j be x(27). Let n = 2798 + j. What is the units digit of n?
2
Let m = -48 - -50. Suppose m*b + 3*p = 275, -p - 333 = -2*b - 78. What is the tens digit of b?
3
Let c(l) = 7*l - 86. Let m be c(13). Suppose m*g + 107 = i, 105 + 249 = 3*i - 4*g. What is the hundreds digit of i?
1
What is the hundreds digit of 75/9*165354/155?
8
Let n(j) = 243*j + 6506. What is the thousands digit of n(0)?
6
Suppose 2*g + 2672 = -5*i, -g + 3*g = -2. Let b = i + 772. What is the hundreds digit of b?
2
What is the thousands digit of 4/(-108)*-12*(9 + (-105462)/(-4))?
1
Let b(x) = 3*x**3 + 54*x**2 + 40*x + 11. Let a(p) = p**3 + 18*p**2 + 14*p + 4. Let v(u) = -11*a(u) + 4*b(u). What is the hundreds digit of v(-6)?
3
Let l = -82952 + 134058. What is the thousands digit of l?
1
Let s(y) = y**2 - 2*y. Let a be s(-12). What is the tens digit of (-6)/a*-12676 + 4/14?
5
Suppose 37 = 3*o + 31. Suppose -2*r = 4*v + 178, v = r - o*v + 89. Let w = 134 + r. What is the tens digit of w?
4
Suppose -k - 15*g = -18*g - 9079, 0 = 3*k - g - 27229. What is the tens digit of k?
7
Suppose 4*v + 18 = -22. Let p(h) = 3*h**2 - 2*h + 14. Let s be p(v). Let y = s - 236. What is the tens digit of y?
9
Let g(l) = -l**3 + 19*l**2 + 40*l + 48. Let a be g(21). Suppose -a*x = -891 - 705. What is the units digit of x?
6
Suppose -3*j + 33041 = -4*f - 17716, -j = -f - 16918. What is the ten thousands digit of j?
1
Suppose 5*k + 6 = 4*s, 0 = -k - s + 16 - 10. Suppose 2*d = 5*o - 1092, 3*o - d - 664 = -k*d. What is the tens digit of o?
2
Let g(r) = -r**2 + 1. Let o be g(1). What is the tens digit of o + ((-2)/(-2) - -120)?
2
Let s(r) = -41 - r**3 + 15*r**2 - 22 + 3*r + 50. What is the tens digit of s(15)?
3
Suppose -4*l = 2*x - 184950, -6*l - 21659 = 5*x - 299082. What is the hundreds digit of l?
2
Let y(o) = o**3 + 6*o**2 + 18*o + 67. Let q be y(-5). Suppose 5*m = h + 3, 4*h + 3*m = 2*h - 6. What is the units digit of -4*(2 + h) - q?
2
Let b be (14/(-1)*-1 - 2) + 0. Let q(o) = -o**3 + 10*o**2 + 24*o - 1. Let m be q(b). What is the tens digit of (-1 - m) + 93 - -3?
9
Suppose 8*h - 3*m - 173791 = 102509, h - 34535 = m. What is the units digit of h?
9
What is the thousands digit of -11 + 2 + 354618/18?
9
Suppose 18*g - 20*g + 3*t + 6072 = 0, 5*g - 15303 = -13*t. What is the tens digit of g?
4
Let z(m) = m**3 - 17*m**2 + 12*m - 3. Let h be z(17). Suppose -y = -7 - h. What is the tens digit of y?
0
Let i be (-14)/(-21)*-3*(-5)/2. Suppose -i*p + 844 = b, b - 829 = -5*p + 3*p. What is the tens digit of b?
1
Suppose -3*r = l + 2*r + 15, 0 = -l - 3*r - 23. Let v be 7/(l/(-10)) - 4/(-2). Suppose 41 - 14 = 2*m + 5*i, v*i + 12 = 4*m. What is the units digit of m?
6
Suppose 8*w + 205 - 53 = 0. Let m(r) = 3*r**2 + 58*r + 82. Let u(p) = 2*p**2 + 39*p + 55. Let y(i) = 5*m(i) - 8*u(i). What is the tens digit of y(w)?
2
Let a(c) = 1103*c**2 - 217*c + 429. What is the tens digit of a(2)?
0
What is the units digit of -12 + (-16)/24*-21 + 1566?
8
Let f = 49 + 159. Let p = -114 - -118. Suppose 95 + 1 = 2*g - 4*a, 4*g - p*a - f = 0. What is the tens digit of g?
5
Let x be (-3)/(18/(-2))*3 + -17. Let c = x - -14. What is the tens digit of c/(-7) - ((-1032)/14 - 0)?
7
Suppose -16*i = -15*i - 6. Suppose 464 = -4*c + i*c. Suppose 4*z - c = -3*x, -2*z = -3*x + 5*x - 156. What is the tens digit of x?
8
Let u(w) = 2*w**2 + 13*w - 26. Let h(n) = -n**3 + 191*n - 94*n + 20 - 93*n + 7*n**2. Let k be h(8). What is the tens digit of u(k)?
0
What is the hundreds digit of 0/((1 - 13)/6) - -4020?
0
Suppose -8*w + 12*w = 636. Suppose 4*n - 505 = w. Suppose 2*q + a - n = -q, -q + 74 = 5*a. What is the units digit of q?
4
Let i(y) = -21*y - 7. Let c be 3/(-4 - -1) + -1 + 7. Suppose 9*k + c = 8*k. What is the tens digit of i(k)?
9
Suppose -4*j = -478 + 186. Let n = 192 - j. Let p = 26 + n. What is the tens digit of p?
4
Let d be ((-25179)/154)/((-2)/(-24)). Let v = d + 2819. What is the units digit of v?
7
Let j be (-50078)/(-84) - 3*(-2)/(-36). Suppose -n + j = -3*r, 6*n = n - 5*r + 3080. What is the tens digit of n?
1
Let h(s) = 21*s + 22. Let r = -28 - -42. Let f be h(r). What is the tens digit of ((-3)/(36/f))/((-1)/3)?
7
Let g(i) = -15*i - 27. Suppose 0 = -s + 1, -2*s + 24 = 2*q - 0*s. Suppose 5*t + 44 + q = 0. What is the units digit of g(t)?
8
What is the hundreds digit of 2196*(3108/126 - (12 + 0))?
8
Suppose -14*o - 3*p + 139383 = 0, -27395 - 12394 = -4*o + 3*p. What is the hundreds digit of o?
9
Let m(z) = 2*z**2 - 4*z + 1. Let v(t) = -t**2 - t. Let y(l) = m(l) - 3*v(l). Suppose 24*h - 5*a = 28*h - 16, 2*a = h - 4. What is the units digit of y(h)?
7
Suppose 2*c - 9*x + 5*x - 22702 = 0, 2*x = 3*c - 34037. What is the units digit of c?
3
Suppose -7*y - 79292 = -10*y + 5*j, -20 = 5*j. Suppose -y + 6568 = -17*v. What is the units digit of v?
8
Let l(r) = -166*r + 1833. Let u(t) = -56*t + 611. Let s(x) = 6*l(x) - 17*u(x). What is the hundreds digit of s(0)?
6
Suppose 2*f - 1403 = 99. Let j = f + -455. What is the hundreds digit of j?
2
Let q = 22805 + 4458. What is the tens digit of q?
6
Let p(b) be the first derivative of -1/4*b**4 - 11*b**2 - 25*b + 20 - 20/3*b**3. What is the units digit of p(-19)?
2
Suppose 0 = 4*n - 5*c - 27, 2*n + 3*n - c = 18. Let k(l) = 13*l + 0*l**3 + 10*l**2 - 8*l - l**n + 10. What is the hundreds digit of k(7)?
1
Suppose -4551*t + 4545*t + 10932 = 0. What is the tens digit of t?
2
Let d(m) = m**3 - 5*m**2 - 4*m - 4. Let n be d(6). Let a(k) = -k**2 - 28*k + 1410. Let r be a(-54). What is the tens digit of (-46)/r + n - 362/(-3)?
2
Let v = 102 + -223. Let d = -24 - v. What is the tens digit of d?
9
What is the units digit of (17445/((-255)/(-17)))/(1/38)?
4
Let l(o) = 2*o**2 + 129*o - 1902. What is the units digit of l(54)?
6
Let y = 2452 - 1248. What is the hundreds digit of y?
2
What is the thousands digit of (764505/10)/9 + (-9)/6?
8
Suppose -72*z + 79530 = -57*z. What is the hundreds digit of z?
3
Suppose 17*b - 22*b + 111926 = -3*b. What is the units digit of b?
3
Let x(z) = z**2 - 6. Let j be 104/28 + -4 - (-88)/14. Let w be x(j). Suppose 2*v - w = 168. What is the units digit of v?
9
Let r be ((-20)/(-8))/(4/(-8)). Let f be (-3156)/(-4) - r - (0 + -4). Let b = -523 + f. What is the units digit of b?
5
Let g(q) = -q**3 + 3*q**2 - 12*q + 4024. What is the units digit of g(0)?
4
Suppose 16 = -8*h + 12*h. Suppose 0 = h*m - 22 - 202. Let v = -6 + m. What is the tens digit of v?
5
Let u(k) be the first derivative of 0*k**3 - 3 + 0*k - 27*k**4 - 1/2*k**2. What is the units digit of u(-1)?
9
Suppose 0 = w - f - 538, -2*w - f + 1052 = 3*f. Suppose -82*a + 88*a = w. What is the tens digit of a?
8
Let w(a) = 28*a**2 + 23*a + 2. Let g be ((-1008)/27)/(-7)*3/(-2). What is the units digit of w(g)?
0
Suppose 0 = -4*f + 4*u - 4, -3*f + u + 1 = -4. Suppose -5*p + y + 310 = -0*p, -f*p + 3*y = -186. Suppose 516 = p*j - 60*j. What is the hundreds digit of j